to base 9
6446088
What is 22aa49b (base 12) in base 4?
121202200313
What is 87c2e (base 15) in base 9?
726648
What is -12123012312 (base 4) in base 11?
-a50153
12ca525 (base 13) to base 2
10110101000111101111101
What is 4740420 (base 8) in base 10?
1294608
What is -11047 (base 11) in base 13?
-73a7
Convert 551838 (base 11) to base 15.
125ea0
7a24a (base 12) to base 13
59125
2101542 (base 6) to base 16
18c86
64952 (base 10) to base 12
31708
10010220002101 (base 3) to base 12
686b84
6ba1 (base 13) to base 16
3b44
22102112030 (base 4) to base 7
31630526
991558 (base 11) to base 15
214187
What is 58313 (base 12) in base 3?
12222210120
Convert 3101330 (base 4) to base 6.
142112
35667 (base 13) to base 4
113313213
Convert -63766 (base 10) to base 14.
-1934a
Convert -362930 (base 11) to base 4.
-2030110333
-41023202 (base 5) to base 7
-2542344
-300112132 (base 6) to base 5
-2243022113
What is -1289940 (base 13) in base 12?
-1b47739
What is 251244432 (base 6) in base 4?
102122203010
Convert -10011131 (base 6) to base 11.
-182552
Convert -344072 (base 9) to base 2.
-110010011000100100
20a898 (base 12) to base 5
113004322
What is -21706077 (base 8) in base 15?
-6294c4
Convert -b934 (base 13) to base 2.
-110010010000011
15430032 (base 6) to base 15
ac688
Convert -1638ac (base 13) to base 5.
-120110434
Convert -21043331 (base 5) to base 16.
-2aaf9
5266097 (base 10) to base 9
10815648
What is 1048120 (base 9) in base 6?
20025200
-303130022110 (base 4) to base 6
-1201005044
What is -12da4 (base 16) in base 4?
-102312210
Convert -aa923 (base 12) to base 15.
-46e43
What is -529e2 (base 15) in base 13?
-923c6
What is -211a45 (base 11) in base 2?
-1010010110110000101
What is -45d00 (base 14) in base 7?
-1305300
Convert -17618862 (base 9) to base 8.
-41655057
What is -1163211 (base 11) in base 9?
-3725332
-70975 (base 12) to base 2
-100011110001101001
What is 90857 (base 10) in base 12?
446b5
-3b663 (base 13) to base 14
-2c609
-30402320 (base 5) to base 9
-416087
-825334 (base 14) to base 2
-10000110000101100110010
32140a (base 12) to base 2
11000000111100001010
Convert -115652 (base 7) to base 16.
-5306
What is -10100020211 (base 4) in base 6?
-35520245
What is 1000101110201221 (base 3) in base 8?
67413617
What is -10552452 (base 6) in base 4?
-1033210100
-c32ba (base 13) to base 11
-219903
3316a4 (base 13) to base 9
2233063
What is 2036d5 (base 14) in base 5?
234211433
Convert -1503517 (base 9) to base 14.
-178314
Convert 560088 (base 9) to base 16.
51b63
What is -198289 (base 16) in base 15?
-230547
What is 5534015 (base 6) in base 2?
1000011100110111011
What is 2526114 (base 7) in base 15?
66a03
Convert -2260023 (base 7) to base 9.
-471586
What is 594717 (base 11) in base 9?
1686754
36c7b (base 15) to base 11
10a488
Convert -23938b1 (base 12) to base 9.
-14003777
What is 141234 (base 8) in base 9?
75305
What is 170454 (base 8) in base 12?
2b890
What is 7339955 (base 10) in base 14?
d90ca7
157063 (base 8) to base 16
de33
What is -1a58a8 (base 15) in base 10?
-1284458
What is 1232345 (base 8) in base 5?
41404341
Convert 326013 (base 7) to base 4.
31333023
What is -84b57 (base 12) in base 7?
-1324414
1151504 (base 9) to base 11
397167
186083 (base 10) to base 6
3553255
Convert -1726318 (base 9) to base 2.
-11101010111111101100
Convert -4042411 (base 6) to base 5.
-22124031
Convert 5631987 (base 10) to base 16.
55eff3
Convert -353333554 (base 6) to base 13.
-14a4120
Convert -330302032 (base 6) to base 2.
-10110100001000001100100
488a2b (base 13) to base 6
101050551
Convert 123260 (base 10) to base 7.
1022234
What is -3243 (base 15) in base 4?
-2212032
What is -97726 (base 13) in base 3?
-111220100221
Convert 103431505 (base 7) to base 6.
340422124
Convert -2d687b (base 14) to base 3.
-2222221110022
Convert -703298 (base 12) to base 9.
-3252888
Convert 3b229b (base 12) to base 14.
1b6819
Convert 734522 (base 8) to base 15.
4c4a0
-85230 (base 9) to base 6
-1112430
What is 230b48 (base 12) in base 3?
1001112020202
Convert -55aba2 (base 12) to base 11.
-853a0a
What is -7b151 (base 15) in base 11?
-248403
What is 15200154 (base 9) in base 16?
735502
1528089 (base 13) to base 6
400503233
-58803 (base 9) to base 15
-b993
-1526a (base 15) to base 9
-113311
Convert -80476 (base 9) to base 12.
-26729
Convert 35d76a (base 14) to base 5.
432431230
Convert 1b3ab4a (base 12) to base 9.
11825854
What is -6023424 (base 7) in base 13?
-1bc087
Convert 12233232022 (base 4) to base 14.
340614
Convert 42a889 (base 12) to base 8.
4015151
311314411 (base 5) to base 10
1276231
20210100201212 (base 3) to base 6
205204422
What is -1557207 (base 8) in base 4?
-1231322013
Convert 110352461 (base 7) to base 5.
3200323240
What is -22100110221 (base 3) in base 7?
-1253140
What is -48983 (base 11) in base 8?
-211370
-2113413431 (base 5) to base 2
-10000111010111000100011
-6223677 (base 8) to base 10
-1648575
-354404 (base 8) to base 6
-2332340
Convert 2663c1 (base 15) to base 3.
10110122221201
140144 (base 10) to base 4
202031300
40522452 (base 6) to base 10
1161824
-101221101111110 (base 3) to base 16
-58b77a
Convert 456131 (base 12) to base 4.
10032320311
Convert 311121302 (base 4) to base 7.
1600502
Convert 936833 (base 10) to base 3.
1202121002112
What is 20001222103 (base 4) in base 8?
10015223
Convert 3575045 (base 9) to base 12.
796265
What is -442421112 (base 5) in base 11?
-10a1708
What is -1456532 (base 8) in base 9?
-705150
Convert -1001100101101111 (base 2) to base 15.
-b989
What is -12230320300 (base 4) in base 2?
-110101100111000110000
-2252422 (base 10) to base 3
-11020102202001
Convert 41300402 (base 5) to base 2.
1010010011011000010
-31025245 (base 9) to base 12
-4ba5172
Convert -113031203 (base 4) to base 9.
-154368
What is 101100000111010111011 (base 2) in base 8?
5407273
Convert -18674168 (base 9) to base 8.
-44001121
Convert 2244240300 (base 5) to base 13.
10873ac
1a46673 (base 11) to base 6
201533323
Convert -1024784 (base 9) to base 3.
-1000211212211
Convert -110110000101100100011101 (base 2) to base 6.
-1223521341
What is 233031213 (base 4) in base 12?
93ab3
Convert -11110011000111011111100 (base 2) to base 8.
-36307374
-100202100022220 (base 3) to base 8
-23613706
What is -566406 (base 8) in base 4?
-232310012
Convert 288a44 (base 11) to base 15.
8da0b
5c554 (base 14) to base 7
1631034
Convert 17537b (base 14) to base 7.
6660014
1106325 (base 7) to base 9
227436
Convert -301123031130 (base 4) to base 9.
-26336880
What is -1032211241 (base 5) in base 6?
-115412421
Convert -3033b9 (base 12) to base 13.
-204528
What is 5042122 (base 6) in base 10?
238946
-31361023 (base 7) to base 5
-1134402330
12431211 (base 5) to base 2
11110010000011011
-1416437 (base 8) to base 12
-173a53
What is 12211100220000 (base 3) in base 7?
35220303
-2340233 (base 5) to base 4
-22202321
-10113372 (base 8) to base 14
-3d84d4
Convert -bb96dd (base 14) to base 4.
-120101320203
-3ca1a (base 14) to base 15
-2e75a
What is 10100101011110110010010 (base 2) in base 14?
a121a2
Convert -411111 (base 8) to base 3.
-20220012220
What is -211002010220 (base 3) in base 4?
-1222012131
Convert -46641110 (base 7) to base 8.
-17535077
Convert -21306063 (base 7) to base 11.
-1031374
Convert 125587 (base 10) to base 2.
11110101010010011
-212122210210010 (base 3) to base 13
-27b3127
What is -95a66 (base 15) in base 11?
-2a4839
402030431 (base 6) to base 10
6815827
Convert 24130120 (base 5) to base 13.
7ab23
-627586 (base 10) to base 2
-10011001001110000010
-20492a (base 11) to base 12
-13a16b
Convert 3826701 (base 9) to base 10.
2084779
What is -1140042234 (base 6) in base 11?
-72aa016
Convert -155047 (base 13) to base 2.
-10000000001101010110
1442404140 (base 5) to base 3
21021201221222
What is -1050201 (base 6) in base 10?
-53209
What is 322332202 (base 4) in base 5?
30212240
What is -84380 (base 15) in base 11?
-267028
-117372 (base 9) to base 11
-493a5
Convert -163099 (base 12) to base 13.
-1033c2
-101303212 (base 4) to base 13
-27274
Convert 3389c6 (base 16) to base 13.
9134ab
Convert -254002 (base 6) to base 13.
-a565
What is -6baa8 (base 16) in base 13?
-125961
-72365 (base 10) to base 2
-10001101010101101
1929a1 (base 15) to base 13
33b122
Convert 213d4 (base 14) to base 13.
2a75a
-3323220123 (base 4) to